osite?
True
Is 741073 prime?
False
Is 30353 composite?
True
Is 27627 a prime number?
False
Is 4241 a composite number?
False
Is 381 a prime number?
False
Is 168617 composite?
False
Is 25219 a prime number?
True
Is 669533 composite?
True
Is 1117 composite?
False
Is 25657 composite?
False
Is 588347 a prime number?
True
Is 4861 a composite number?
False
Is 28867 a prime number?
True
Is 631 composite?
False
Is 874087 a composite number?
False
Is 85849 composite?
True
Is 390721 prime?
True
Is 19861 a composite number?
False
Is 91769 a prime number?
False
Is 3957 prime?
False
Is 23501 a composite number?
True
Is 3907 prime?
True
Is 29789 prime?
True
Is 443953 prime?
True
Is 82714 a prime number?
False
Is 18611 composite?
True
Is 57469 composite?
True
Is 1499 prime?
True
Is 973169 a prime number?
True
Is 835529 a composite number?
True
Is 16087 a prime number?
True
Is 352661 composite?
False
Is 718717 prime?
True
Is 7747 composite?
True
Is 21647 composite?
False
Is 3377 composite?
True
Is 4391 prime?
True
Is 9953 a composite number?
True
Is 11777 a composite number?
False
Is 16411 prime?
True
Is 47629 a prime number?
True
Is 1419011 a composite number?
True
Is 13253 a prime number?
False
Is 10261 composite?
True
Is 14963 a composite number?
True
Is 72487 a prime number?
False
Is 6661 composite?
False
Is 541 prime?
True
Is 263 prime?
True
Is 723761 a prime number?
True
Is 46889 a composite number?
False
Is 126823 prime?
True
Is 16183 prime?
True
Is 33287 composite?
False
Is 1086095 composite?
True
Is 80849 a prime number?
True
Is 33703 prime?
True
Is 3383249 composite?
False
Is 73399 a prime number?
False
Is 238897 a composite number?
False
Is 56081 composite?
False
Is 58013 a prime number?
True
Is 50069 composite?
False
Is 1892391 a composite number?
True
Is 2533 prime?
False
Is 446647 a composite number?
False
Is 2827 composite?
True
Is 115837 prime?
True
Is 1111561 prime?
False
Is 797761 a prime number?
False
Is 180409 a composite number?
True
Is 163543 a composite number?
False
Is 39323 prime?
True
Is 591029 composite?
True
Is 237659 a composite number?
True
Is 140557 composite?
False
Is 58731 a prime number?
False
Is 84869 a prime number?
True
Is 36377 a composite number?
True
Is 421999 prime?
False
Is 60267 a prime number?
False
Is 249697 prime?
False
Is 1210967 a composite number?
False
Is 2271 a prime number?
False
Is 6143 a prime number?
True
Is 149807 composite?
True
Is 203807 a composite number?
False
Is 19841 a composite number?
False
Is 42538 a composite number?
True
Is 14621 composite?
False
Is 173353 a composite number?
True
Is 219671 a composite number?
True
Is 2030335 a composite number?
True
Is 758215 composite?
True
Is 279781 a prime number?
False
Is 2723431 a prime number?
True
Is 48379 a prime number?
False
Is 6247 prime?
True
Is 16249 a composite number?
False
Is 22405 prime?
False
Is 23073 prime?
False
Is 438877 prime?
True
Is 69847 prime?
True
Is 1021531 a composite number?
True
Is 986071 a composite number?
False
Is 1339285 a composite number?
True
Is 95039 prime?
False
Is 565853 prime?
False
Is 173846 a prime number?
False
Is 463 prime?
True
Is 6931 a prime number?
False
Is 126823 a composite number?
False
Is 4201 prime?
True
Is 112459 composite?
False
Is 954533 composite?
True
Is 1254382 a prime number?
False
Is 1002647 prime?
True
Is 134 composite?
True
Is 2437 prime?
True
Is 459985 prime?
False
Is 14919 composite?
True
Is 2001371 prime?
True
Is 15339 a composite number?
True
Is 20849 a composite number?
False
Is 340261 a prime number?
True
Is 130769 a composite number?
False
Is 7207 composite?
False
Is 739 prime?
True
Is 1219 prime?
False
Is 26539 a prime number?
True
Is 96361 a composite number?
True
Is 156934 a prime number?
False
Is 8999 prime?
True
Is 33377 a prime number?
True
Is 32531 a prime number?
True
Is 85213 a composite number?
False
Is 6139 a composite number?
True
Is 5599 composite?
True
Is 217067 composite?
True
Is 64318 prime?
False
Is 43421 composite?
True
Is 89753 a prime number?
True
Is 9551 a composite number?
False
Is 647098 composite?
True
Is 35149 a composite number?
False
Is 33023 a prime number?
True
Is 1478017 prime?
True
Is 145139 prime?
True
Is 198719 a composite number?
False
Is 80117 prime?
False
Is 1183199 prime?
True
Is 26707 prime?
False
Is 341863 a prime number?
True
Is 71233 a prime number?
True
Is 18661 prime?
True
Is 19531 a composite number?
False
Is 28111 a prime number?
True
Is 1220147 prime?
True
Is 1074935 composite?
True
Is 5077 composite?
False
Is 4534 composite?
True
Is 14699 a prime number?
True
Is 21427 a composite number?
True
Is 115495 a composite number?
True
Is 65753 a prime number?
False
Is 91893 prime?
False
Is 11311 composite?
False
Is 3347 a composite number?
False
Is 4520371 a prime number?
True
Is 179801 prime?
True
Is 248813 a composite number?
False
Is 51329 a composite number?
False
Is 99599 composite?
True
Is 19949 prime?
True
Is 135029 composite?
False
Is 114339 a prime number?
False
Is 81239 a prime number?
True
Is 214367 prime?
False
Is 72019 a prime number?
True
Is 14513 composite?
True
Is 778627 a prime number?
False
Is 1723471 a prime number?
False
Is 22229 prime?
True
Is 204653 a composite number?
True
Is 153013 composite?
True
Is 55267 a prime number?
False
Is 7817 composite?
False
Is 69467 a prime number?
True
Is 25301 a composite number?
False
Is 1039 prime?
True
Is 544169 a prime number?
False
Is 99971 prime?
True
Is 121791 prime?
False
Is 419 a composite number?
False
Is 87251 a composite number?
False
Is 5273 a composite number?
False
Is 147011 composite?
False
Is 190129 a composite number?
False
Is 129977 prime?
False
Is 724585 a composite number?
True
Is 985499 a composite number?
False
Is 18383 a composite number?
True
Is 6119 composite?
True
Is 60209 composite?
False
Is 2030317 prime?
True
Is 74926 composite?
True
Is 47777 prime?
True
Is 298427 prime?
True
Is 15803 a composite number?
False
Is 32639 composite?
True
Is 38159 composite?
True
Is 35141 a prime number?
True
Is 257981 composite?
False
Is 1293 a prime number?
False
Is 3163 a prime number?
True
Is 88937 a prime number?
True
Is 25013 a composite number?
False
Is 60859 a prime number?
True
Is 58679 composite?
False
Is 6065 a prime number?
False
Is 210341 a composite number?
True
Is 345181 prime?
True
Is 35537 prime?
True
Is 14971 a composite number?
True
Is 881707 a composite number?
False
Is 12193 a prime number?
False
Is 17734 a prime number?
False
Is 162149 a composite number?
True
Is 19889 a composite number?
False
Is 1049 a composite number?
False
Is 42429 prime?
False
Is 13835 a prime number?
False
Is 38293 composite?
True
Is 6823 a composite number?
False
Is 53857 prime?
True
Is 281737 a prime number?
True
Is 4699 prime?
False
Is 1007 prime?
False
Is 499229 a composite number?
False
Is 17011 a composite number?
False
Is 330089 a prime number?
False
Is 2777 a prime number?
True
Is 107669 a composite number?
True
Is 417899 prime?
True
Is 907 prime?
True
Is 155809 a prime number?
True
Is 107021 a composite number?
False
Is 166766 composite?
True
Is 693061 a prime number?
True
Is 85691 a composite number?
False
Is 4111 a composite number?
False
Is 101267 composite?
False
Is 18119 prime?
True
Is 68657 composite?
True
Is 12263 prime?
True
Is 752977 a prime number?
True
Is 46691 prime?
True
Is 177673 a prime number?
False
Is 1205979 prime?
False
Is 35566 a prime number?
False
Is 245761 composite?
True
Is 11197 a prime number?
True
Is 392681 a prime number?
False
Is 9281027 a prime number?
False
Is 50207 a composite number?
False
Is 65621 composite?
True
Is 46289 prime?
False
Is 28601 a composite number?
True
Is 48851 a prime number?
False
Is 347 a composite number?
False
Is 7063 a composite number?
True
Is 907 a prime number?
True
Is 2101 a prime number?
False
Is 3203 a composite number?
False
Is 92811 prime?
False
Is 6481 prime?
True
Is 2579 a composite number?
False
Is 3499 a composite number?
False
Is 491233 composite?
True
Is 181081 a prime number?
True
Is 3826 a prime number?
False
Is 4201 a composite number?
False
Is 4391 a prime number?
True
Is 15877 composite?
False
Is 51311 prime?
False
Is 697 a composite number?
True
Is 21313 a prime number?
True
Is 35489 a prime number?
Fal